 14. What is the units digit of w?
5
Let p be ((-3)/(-12) + (-275)/(-4))/1. Suppose j + 196 = 2*n, 2*n - 3*j = -2*n + 390. Let x = n - p. What is the tens digit of x?
3
Let r be 1 + 0 + -2 + 5. Let c(a) = 5*a + 2*a - 8 - r*a + a**2 + 0*a. What is the units digit of c(-6)?
0
Suppose 75 - 620 = -o. What is the tens digit of o?
4
Suppose 0 = -4*t - 16, -5*h + 19 + 21 = -5*t. Let b(a) = -a**3 + 3*a**2 - a - 1. Let m be b(h). Let w = 63 + m. What is the tens digit of w?
4
Let s(q) = 156*q + 2. What is the hundreds digit of s(6)?
9
Suppose 21 = -2*x + 53. Suppose -31 - 113 = -x*y. What is the units digit of y?
9
Let b(l) = l**3 - 2*l + 72. Let i be b(0). Let p = i - 42. What is the units digit of p?
0
Suppose 9*f = 7*f + 5658. What is the hundreds digit of f?
8
Suppose 146*j = 136*j + 9940. What is the tens digit of j?
9
Let q(s) = 9*s**2 - 308. What is the units digit of q(-20)?
2
Suppose -4*y + 3*f = -14, -f + 2 = -2*y + 4*y. What is the tens digit of 236/y - (-1 - 2)?
2
Let i(d) = -d**2 + 6*d - 6. Let x be i(11). Let j = 142 + x. What is the units digit of j?
1
Suppose 0 = 2*r - 538 + 62. Suppose -440 = -2*k - 3*z + 8, -r = -k - 5*z. What is the hundreds digit of k?
2
Suppose 0 = m + 2*m - 12. What is the units digit of 136/16 - 2/m?
8
Let w = 385 - 351. What is the units digit of w?
4
Let d(v) = v**3 + 11*v**2 + 6*v + 11. Let r be d(-11). Let h = -1 - r. What is the units digit of h?
4
Suppose -98 = 3*r - 11. Let w = r + 57. What is the tens digit of w?
2
Suppose 14*p = -4*d + 13*p + 1590, 5*p = 4*d - 1602. What is the units digit of d?
8
Suppose 0 = -15*b + 12*b + 411. Let m = -136 + b. What is the units digit of m?
1
Let d(i) = -2*i - 41. Let s be d(-23). Suppose 47 = s*n - 103. What is the tens digit of n?
3
Suppose 0*n + 8 = n. Suppose -13*g + n*g = -190. What is the units digit of g?
8
Let t(o) = -o**2 + 7*o - 29. Let y be t(7). Let v(w) = w**3 + 30*w**2 + 19*w - 67. What is the units digit of v(y)?
3
Let t(m) = m**2 - 9*m - 8. Let r(j) = -j - 1. Let n(o) = -3*r(o) + t(o). What is the hundreds digit of n(14)?
1
Let c(a) be the first derivative of -2*a**2 - 3*a - 3. Let n(t) = -10*t**2 + t + 2. Let y be n(-1). What is the units digit of c(y)?
3
Suppose 5*b + p - 2*p = 2270, 4*p = 3*b - 1362. What is the units digit of b?
4
Let y(p) = -4*p - 5 - 1 + 2. Let v be y(-15). Suppose a + 0*a = 2*z + v, 4*z + 250 = 5*a. What is the units digit of a?
6
Let v be (6/3 + 2)*1. Suppose 6 = -2*o + 3*w, v*o + 10 = 8*w - 3*w. Suppose -3*i + 139 = -z + 5*z, o = -4*z + 5*i + 99. What is the tens digit of z?
3
What is the units digit of 3928/6*(-3)/(-4)?
1
Let l = -122 - -1057. What is the hundreds digit of l?
9
Suppose 6*f + 12264 = 9*f + i, 3*i = 4*f - 16352. What is the hundreds digit of f?
0
Let s = 1241 + -390. What is the tens digit of s?
5
Let j(v) be the third derivative of 4*v**2 + 0 - 2/3*v**3 - 5/6*v**4 + 0*v. What is the tens digit of j(-2)?
3
Suppose 2*u - 5*p + 10 = -p, p = 3*u - 5. Let s(a) = -23*a + 3. Let h be s(2). What is the tens digit of u + (1 - 3) - h?
4
Let h(k) = k**3 + 4*k**2 + k - 4. Let y be h(-3). Suppose -4*w - y = 3*a, -a - a + 12 = -4*w. What is the units digit of a?
2
Suppose 7*t - d + 28 = 3*t, -3*t - 2*d = 32. What is the units digit of (-62)/(-14) - t/14?
5
Let i be (8 - (5 + -3))*1. Suppose -31*l = -i*l - 675. What is the tens digit of l?
2
What is the tens digit of 0 + (-1 - -6) - -549?
5
Let m(o) = 0*o - 34*o**2 + 12*o + 9 - o**3 + 31*o**2. Let n be m(-7). Let c = n - 81. What is the tens digit of c?
4
Suppose 3 = -0*v + v. Suppose -2*h + 6*h = v*n - 59, -32 = 2*h - 2*n. What is the tens digit of -2 + (-1 - 2*h)?
1
Let n(x) = x - 3. Let h(q) = q**2 - q + 1. Let d be h(-2). Suppose 3*p - d*p = -36. What is the units digit of n(p)?
6
Let d = -38 - -40. Suppose d*x + 257 = 3*f, 2*f - 109 - 66 = 5*x. What is the units digit of f?
5
Let y(p) = 774*p**2 + 2*p - 5. What is the tens digit of y(-1)?
6
Let f(b) = -b**3 - 4*b**2 - 4*b + 1. Let y be f(-3). Suppose 0 + 12 = y*i. Suppose -20 = -4*o + 4*h, 0*h - 19 = -i*o + 5*h. What is the units digit of o?
3
Let q be 2/10 - (-72)/(-10). What is the tens digit of (94 - -1)/(q/(-7))?
9
What is the tens digit of 428/(-54)*-69 - (-1)/9?
4
Suppose 4*l = -2*v + 212, 4*l = -0*v + 2*v - 212. Let a = v + -67. What is the tens digit of a?
3
Suppose t - 39*t = -19190. What is the hundreds digit of t?
5
Let q(w) = -19*w**2 + 28*w**2 - w**2 + 49*w**2. What is the units digit of q(1)?
7
Suppose -2*c + 7884 = 5*i, -3*i + 2915 = 3*c - 1810. What is the units digit of i?
8
Suppose -2*w + 0*w = -52. Let r(a) = -74*a - 8. Let c be r(-1). Let p = c - w. What is the tens digit of p?
4
Suppose -79*c - 5*o - 1282 = -80*c, 0 = 2*c + 4*o - 2522. What is the units digit of c?
7
Let x be 8/6 + (-174)/(-18). Suppose -7 = 2*q + x. Let a(n) = -4*n - 6. What is the tens digit of a(q)?
3
Let k = -21 + 1139. What is the thousands digit of k?
1
Let p = -4 - -1. Let w(d) = d + 7. Let r be w(p). Let m(s) = 2*s + 6. What is the units digit of m(r)?
4
Suppose -4*n - 180 = 3*s, -5*s - n = n + 300. What is the units digit of 15/(-5) - 0 - s?
7
Let w(q) = -5*q**2 + 6*q. Let v(s) = s**2 - s - 1. Let r(n) = -4*v(n) - w(n). What is the units digit of r(7)?
9
Let k = 193 - 97. Let o = -26 + 16. What is the units digit of (-4)/o - k/(-10)?
0
Let s be -30*(-1)/(-10)*5. Let j be 2/(-7) + (-524)/28. Let h = s - j. What is the units digit of h?
4
Let p(d) = -2*d**2 - d - 2. Let j be p(-1). What is the units digit of j - 21/(-5 - -2)?
4
Suppose 8 = 4*o - 0. Let p be -82 + o + 3 - 4. Let v = p - -134. What is the tens digit of v?
5
Let g(x) = -x**2 + 51*x + 271. What is the tens digit of g(33)?
6
Suppose 10 = 4*c + 3*m, -c + 3*c = 5*m + 18. Suppose 3*a - 452 = -2*t, 5*a - t = c*a + 154. What is the units digit of a?
2
Let y = 2012 - 1032. Suppose 29*q = 25*q + y. What is the units digit of q?
5
What is the tens digit of -6 - (-3438 - 108/12)?
4
Suppose 23*l - 9 = 22*l. Suppose -l = -m - 3*d + 24, 5*d = 5. What is the units digit of m?
0
Let s be (-18)/12*(-2)/3. Suppose -6*w + 5*w - s = 0. What is the tens digit of w*8*35/(-14)?
2
Suppose -665 = -5*j + 5*n, -3*n = -2*j - 6*n + 251. What is the units digit of j?
0
Let j = -17 - -8. Let p(r) = 3*r**3 + 8*r**2 - 3*r - 1. Let d(l) = 7*l**3 + 16*l**2 - 5*l - 2. Let o(c) = 2*d(c) - 5*p(c). What is the units digit of o(j)?
7
Let x = -72 - -75. Suppose -4*v - 2*p + 521 = p, p = -x*v + 387. What is the tens digit of v?
2
Suppose 0 = -5*b - 5*i + 25, -3*b = -3*i + i - 5. Suppose 0 = -3*r + 2*r + l + 15, -b*r + l = -53. What is the units digit of r?
9
Let x = 23 - 19. Suppose -5*n = 2*p - 93, 5*p - x*n - 197 = 2*p. What is the units digit of p?
9
Let o(b) = -b**3 + 15*b**2 - 14*b + 2. Let a be o(14). Let w be -1 + a + -1 - -3. Suppose 2*x - 2*h = 78, -3*x + 7*h + 118 = w*h. What is the tens digit of x?
3
Suppose -2*l - 8057 = -l + 5*w, -8062 = l + 4*w. What is the units digit of l/(-63) + (-4)/14?
8
Let k(d) = -d**2 - 23*d - 2. Let r be k(-12). Suppose -248 = -6*w + r. What is the units digit of w?
3
Let c(z) = z**2 + 10*z - 3. Let x(m) = -1. Let i(l) = -c(l) + 3*x(l). Let s be i(-9). Suppose -75 = -14*j + s*j. What is the tens digit of j?
1
Let a(u) = 2*u**3 + 5*u + 3*u - 3*u**3 - 3*u**2 - 8 - 4*u. What is the tens digit of a(-5)?
2
Let a = -20 + 37. Let v = 8 - a. What is the units digit of v/(-12)*4*8?
4
Let i(s) = s + 5. Let k be i(-5). Suppose 0*r - 3*w + 6 = 2*r, 4*w = k. What is the units digit of (244/(-12))/((-1)/r)?
1
Let i be (-26)/2 + 7/7. Let d = 46 + i. Suppose s - q = -2*q + d, 2*s - 33 = 5*q. What is the tens digit of s?
2
Let l(a) = -38*a**3 - 5*a**2 - 6. Let t(y) = 39*y**3 + 6*y**2 + 7. Let r(z) = 6*l(z) + 5*t(z). What is the tens digit of r(-1)?
3
Let h be ((-2)/2)/((-3)/(-9)). Let p(k) = -k**2 - 4*k - 15. Let b be p(-13). What is the units digit of (h/2)/(6/b)?
3
Suppose -110646 = -35*b - 29726. What is the units digit of b?
2
Let d(z) = 342*z - 338. What is the units digit of d(8)?
8
What is the units digit of (2196/(-30))/(78/(-1820))?
8
Let d = -13 - 9. What is the tens digit of (d/55)/(1/(-40))?
1
Let h = 32 - 36. Let g(s) = -15*s - 4. What is the tens digit of g(h)?
5
Let c(r) be the second derivative of -r**3/2 + r**2 + 4*r. Let q be c(-10). Suppose 3*u = 5*w + 56, 0